 {"id":12851,"date":"2022-10-24T15:47:35","date_gmt":"2022-10-24T15:47:35","guid":{"rendered":"https:\/\/zinebi.eus\/peloponnisos-at-zinebi-64\/"},"modified":"2022-11-08T17:59:37","modified_gmt":"2022-11-08T17:59:37","slug":"peloponnisos-at-zinebi-64","status":"publish","type":"page","link":"https:\/\/zinebi.eus\/en\/peloponnisos-at-zinebi-64\/","title":{"rendered":"Peloponnisos International Doc Film Festival &#8211; ZINEBI 64"},"content":{"rendered":"<div>\r\n<h2>REIVINDICAR LA LIBERTAD<\/h2>\r\n<p>The Peloponnisos International Documentary Festival is organized by the Creative Documentary Center of Kalamata, which is centered in Kalamata with screenings in 12 more cities of the Peloponnese Region. In the framework of constant collaborations with European festivals, the Peloponnisos International Documentary Festival was delighted to collaborate with ZINEBI, the International Festival of Documentary and Short Film of Bilbao, a world-renowned film festival.<\/p>\r\n\r\n<p>Three years ago, both festivals began exploring ways to promote the works of their filmmakers, but also to promote the communication and the collaboration between them. This is how a very important collaboration emerged during those last years: The production of a modular documentary by six filmmakers, three from each country, signed by Ismini Sakellaropoulou, Kalliopi Legaki and Giorgos Danopoulos from Greece, and Marisol Gil Antillano, Aleix Aguil\u00e1, Paula G\u00f3mez Gonz\u00e1lez and Marcos Urquijo Y\u00e1\u00f1ez from the Basque Country. The documentary is entitled Claiming Freedom. On top of this project, both festivals held tributes to the Basque and Greek documentary production by screening three documentaries from each country in their respective festivals in 2021.<\/p>\r\n\r\n<p>This project required a substantial acquaintance between the film directors, so a meeting took place between the Basque and the Greek directors during the 8th Peloponnese International Documentary Festival in April 2021, where they presented the progress of their work, which was very well received by the audience. The final result will be premiered at the ZINEBI festival this year and we are very happy that this co-production has come to an end. All the filmmakers will attend the premiere of the documentary. It is important to mention that the national Greek television agreed to support this collaboration and will broadcast the documentary.<\/p>\r\n\r\n<p>We wish for a fruitful collaboration in the future and hope that our festivals will continue to promote the documentary production of our two countries.<\/p>\r\n\r\n<p><strong>Gina Petropoulou<\/strong><br>\r\nArtistic director of Peloponnisos International Documentary Festival<\/p>\r\n<br>\r\n\r\n<\/div>\r\n\r\n<div>\r\n<h3 class=\"sidelines\"><span class=\"blanco\">CLAIMING FREEDOM<\/span><\/h3>\r\n<br>\r\n\r\n<img class=\"alignleft size-full wp-image-12765 lazyload\" alt=\"\" width=\"500\" height=\"692\" data-src=\"https:\/\/zinebi.eus\/assets\/media\/\u03c0\u03bf\u03c3\u03c4\u03b5\u03c1-1-1.jpg\" srcset=\"https:\/\/zinebi.eus\/assets\/media\/\u03c0\u03bf\u03c3\u03c4\u03b5\u03c1-1-1.jpg 500w, https:\/\/zinebi.eus\/assets\/media\/\u03c0\u03bf\u03c3\u03c4\u03b5\u03c1-1-1-150x208.jpg 150w, https:\/\/zinebi.eus\/assets\/media\/\u03c0\u03bf\u03c3\u03c4\u03b5\u03c1-1-1-300x415.jpg 300w, https:\/\/zinebi.eus\/assets\/media\/\u03c0\u03bf\u03c3\u03c4\u03b5\u03c1-1-1-400x554.jpg 400w, https:\/\/zinebi.eus\/assets\/media\/\u03c0\u03bf\u03c3\u03c4\u03b5\u03c1-1-1-480x664.jpg 480w\" sizes=\"(max-width: 500px) 100vw, 500px\" \/>\r\n<h4>Greece \u2013 Basque Country, 2022 | 94 min | Doc.<\/h4>\r\n<strong>director<\/strong> Aleix Aguil\u00e0, Giorgos Danopoulos, Marisol Gil Antillano, Paula G\u00f3mez Gonz\u00e1lez, Kalliopi Legaki, Ismini Sakellaropoulou, Marcos Urquijo Y\u00e1\u00f1ez\r\n\r\nThree years ago, ZINEBI and The Peloponnisos International Documentary Festival began exploring ways to promote the works of their filmmakers, but also to promote the communication and the collaboration between them. This is how a very important collaboration emerged during those last years: The production of a modular documentary by six filmmakers, three from each country. The documentary is entitled <em>Claiming Freedom<\/em>. On top of this project, both festivals held tributes to the Basque and Greek documentary production by screening three documentaries from each country in their respective festivals in 2021.\r\n<\/div>\r\n<br>\r\n<div class=\"row justify-content-center\">\r\n\r\n<div class=\"col-md-4\"><a href=\"https:\/\/zinebi.eus\/programacion\/exit-within\/\"><img class=\"alignnone wp-image-10359 size-full lazyload\" alt=\"\" width=\"800\" height=\"530\" data-src=\"https:\/\/zinebi.eus\/assets\/media\/director_George-Danopoulos_perfil.jpg\"><\/a>\r\n<h4><strong>EXIT WITHIN<\/strong>\r\n<br>Giorgos Danopoulos<\/h4>\r\n<\/div>\r\n\r\n<div class=\"col-md-4\"><a href=\"https:\/\/zinebi.eus\/programacion\/kalavrita-guernica\/\"><img class=\"alignnone wp-image-10359 size-full lazyload\" data-src=\"https:\/\/zinebi.eus\/assets\/media\/directora_Ismini_perfil-copia.jpg\"><\/a>\r\n<h4><strong>KALAVRITA-GUERNICA<\/strong><br>\r\nIsmini Sakellaropoulou<\/h4>\r\n<\/div>\r\n\r\n<div class=\"col-md-4\"><a href=\"https:\/\/zinebi.eus\/programacion\/la-otra-luz\/\"><img class=\"alignnone wp-image-10359 size-full lazyload\" data-src=\"https:\/\/zinebi.eus\/assets\/media\/La-Otra-Luz_Paula-Gomez_perfil.jpg\"><\/a>\r\n<h4><strong>LA OTRA LUZ<\/strong>\r\nPaula G\u00f3mez Gonz\u00e1lez<\/h4>\r\n<\/div>\r\n\r\n<div class=\"col-md-4\"><a href=\"https:\/\/zinebi.eus\/programacion\/on-this-wondrous-sea\/\"><img class=\"alignnone wp-image-10359 size-full lazyload\" alt=\"\" width=\"800\" height=\"530\" data-src=\"https:\/\/zinebi.eus\/assets\/media\/directora_Legaki_perfil.jpg\"><\/a>\r\n<h4><strong>ON THIS WONDROUS SEA<\/strong>\r\nKalliopi Legaki<\/h4>\r\n<\/div>\r\n\r\n<div class=\"col-md-4\"><a href=\"https:\/\/zinebi.eus\/programacion\/seamos-francos\/\"><img class=\"alignnone wp-image-10359 size-full lazyload\" data-src=\"https:\/\/zinebi.eus\/assets\/media\/seamos-francos_perfil.jpg\"><\/a>\r\n<h4><strong>SEAMOS FRANCOS<\/strong><br>\r\nAleix Aguil\u00e0, Marisol Gil Antillano<\/h4>\r\n<\/div>\r\n\r\n<div class=\"col-md-4\"><a href=\"https:\/\/zinebi.eus\/programacion\/transfer\/\"><img class=\"alignnone wp-image-10359 size-full lazyload\" data-src=\"https:\/\/zinebi.eus\/assets\/media\/foto-Marcos-Urquijo_perfil.jpg\"><\/a>\r\n<h4><strong>TRANSFER<\/strong><br>\r\nMarcos Urquijo<\/h4>\r\n<\/div>\r\n\r\n<\/div>\r\n<img alt=\"\" width=\"365\" height=\"87\" class=\"alignleft size-full wp-image-12842 lazyload\" data-src=\"https:\/\/zinebi.eus\/assets\/media\/LOGOS_peloponissos.png\" srcset=\"https:\/\/zinebi.eus\/assets\/media\/LOGOS_peloponissos.png 365w, https:\/\/zinebi.eus\/assets\/media\/LOGOS_peloponissos-150x36.png 150w, https:\/\/zinebi.eus\/assets\/media\/LOGOS_peloponissos-300x72.png 300w\" sizes=\"(max-width: 365px) 100vw, 365px\" \/>\r\n\r\n\u00a0","protected":false},"excerpt":{"rendered":"<p>REIVINDICAR LA LIBERTAD The Peloponnisos International Documentary Festival is organized by the Creative Documentary Center of Kalamata, which is centered in Kalamata with screenings in 12 more cities of the Peloponnese Region. In the framework of constant collaborations with European festivals, the Peloponnisos International Documentary Festival was delighted to collaborate with ZINEBI, the International Festival [&hellip;]<\/p>\n","protected":false},"author":2,"featured_media":10402,"parent":0,"menu_order":0,"comment_status":"closed","ping_status":"closed","template":"templates\/page-with-container.php","meta":{"_acf_changed":false,"footnotes":""},"class_list":["post-12851","page","type-page","status-publish","has-post-thumbnail","hentry"],"acf":[],"_links":{"self":[{"href":"https:\/\/zinebi.eus\/en\/wp-json\/wp\/v2\/pages\/12851","targetHints":{"allow":["GET"]}}],"collection":[{"href":"https:\/\/zinebi.eus\/en\/wp-json\/wp\/v2\/pages"}],"about":[{"href":"https:\/\/zinebi.eus\/en\/wp-json\/wp\/v2\/types\/page"}],"author":[{"embeddable":true,"href":"https:\/\/zinebi.eus\/en\/wp-json\/wp\/v2\/users\/2"}],"replies":[{"embeddable":true,"href":"https:\/\/zinebi.eus\/en\/wp-json\/wp\/v2\/comments?post=12851"}],"version-history":[{"count":8,"href":"https:\/\/zinebi.eus\/en\/wp-json\/wp\/v2\/pages\/12851\/revisions"}],"predecessor-version":[{"id":14254,"href":"https:\/\/zinebi.eus\/en\/wp-json\/wp\/v2\/pages\/12851\/revisions\/14254"}],"wp:featuredmedia":[{"embeddable":true,"href":"https:\/\/zinebi.eus\/en\/wp-json\/wp\/v2\/media\/10402"}],"wp:attachment":[{"href":"https:\/\/zinebi.eus\/en\/wp-json\/wp\/v2\/media?parent=12851"}],"curies":[{"name":"wp","href":"https:\/\/api.w.org\/{rel}","templated":true}]}}

<div>
<h2>REIVINDICAR LA LIBERTAD</h2>
<p>The Peloponnisos International Documentary Festival is organized by the Creative Documentary Center of Kalamata, which is centered in Kalamata with screenings in 12 more cities of the Peloponnese Region. In the framework of constant collaborations with European festivals, the Peloponnisos International Documentary Festival was delighted to collaborate with ZINEBI, the International Festival of Documentary and Short Film of Bilbao, a world-renowned film festival.</p>

<p>Three years ago, both festivals began exploring ways to promote the works of their filmmakers, but also to promote the communication and the collaboration between them. This is how a very important collaboration emerged during those last years: The production of a modular documentary by six filmmakers, three from each country, signed by Ismini Sakellaropoulou, Kalliopi Legaki and Giorgos Danopoulos from Greece, and Marisol Gil Antillano, Aleix Aguilá, Paula Gómez González and Marcos Urquijo Yáñez from the Basque Country. The documentary is entitled Claiming Freedom. On top of this project, both festivals held tributes to the Basque and Greek documentary production by screening three documentaries from each country in their respective festivals in 2021.</p>

<p>This project required a substantial acquaintance between the film directors, so a meeting took place between the Basque and the Greek directors during the 8th Peloponnese International Documentary Festival in April 2021, where they presented the progress of their work, which was very well received by the audience. The final result will be premiered at the ZINEBI festival this year and we are very happy that this co-production has come to an end. All the filmmakers will attend the premiere of the documentary. It is important to mention that the national Greek television agreed to support this collaboration and will broadcast the documentary.</p>

<p>We wish for a fruitful collaboration in the future and hope that our festivals will continue to promote the documentary production of our two countries.</p>

<p><strong>Gina Petropoulou</strong><br>
Artistic director of Peloponnisos International Documentary Festival</p>
<br>

</div>

<div>
<h3 class="sidelines"><span class="blanco">CLAIMING FREEDOM</span></h3>
<br>

<img class="alignleft size-full wp-image-12765 lazyload" alt="" width="500" height="692" data-src="https://zinebi.eus/assets/media/ποστερ-1-1.jpg" srcset="https://zinebi.eus/assets/media/ποστερ-1-1.jpg 500w, https://zinebi.eus/assets/media/ποστερ-1-1-150x208.jpg 150w, https://zinebi.eus/assets/media/ποστερ-1-1-300x415.jpg 300w, https://zinebi.eus/assets/media/ποστερ-1-1-400x554.jpg 400w, https://zinebi.eus/assets/media/ποστερ-1-1-480x664.jpg 480w" sizes="(max-width: 500px) 100vw, 500px" />
<h4>Greece – Basque Country, 2022 | 94 min | Doc.</h4>
<strong>director</strong> Aleix Aguilà, Giorgos Danopoulos, Marisol Gil Antillano, Paula Gómez González, Kalliopi Legaki, Ismini Sakellaropoulou, Marcos Urquijo Yáñez

Three years ago, ZINEBI and The Peloponnisos International Documentary Festival began exploring ways to promote the works of their filmmakers, but also to promote the communication and the collaboration between them. This is how a very important collaboration emerged during those last years: The production of a modular documentary by six filmmakers, three from each country. The documentary is entitled <em>Claiming Freedom</em>. On top of this project, both festivals held tributes to the Basque and Greek documentary production by screening three documentaries from each country in their respective festivals in 2021.
</div>
<br>
<div class="row justify-content-center">

<div class="col-md-4"><a href="https://zinebi.eus/programacion/exit-within/"><img class="alignnone wp-image-10359 size-full lazyload" alt="" width="800" height="530" data-src="https://zinebi.eus/assets/media/director_George-Danopoulos_perfil.jpg"></a>
<h4><strong>EXIT WITHIN</strong>
<br>Giorgos Danopoulos</h4>
</div>

<div class="col-md-4"><a href="https://zinebi.eus/programacion/kalavrita-guernica/"><img class="alignnone wp-image-10359 size-full lazyload" data-src="https://zinebi.eus/assets/media/directora_Ismini_perfil-copia.jpg"></a>
<h4><strong>KALAVRITA-GUERNICA</strong><br>
Ismini Sakellaropoulou</h4>
</div>

<div class="col-md-4"><a href="https://zinebi.eus/programacion/la-otra-luz/"><img class="alignnone wp-image-10359 size-full lazyload" data-src="https://zinebi.eus/assets/media/La-Otra-Luz_Paula-Gomez_perfil.jpg"></a>
<h4><strong>LA OTRA LUZ</strong>
Paula Gómez González</h4>
</div>

<div class="col-md-4"><a href="https://zinebi.eus/programacion/on-this-wondrous-sea/"><img class="alignnone wp-image-10359 size-full lazyload" alt="" width="800" height="530" data-src="https://zinebi.eus/assets/media/directora_Legaki_perfil.jpg"></a>
<h4><strong>ON THIS WONDROUS SEA</strong>
Kalliopi Legaki</h4>
</div>

<div class="col-md-4"><a href="https://zinebi.eus/programacion/seamos-francos/"><img class="alignnone wp-image-10359 size-full lazyload" data-src="https://zinebi.eus/assets/media/seamos-francos_perfil.jpg"></a>
<h4><strong>SEAMOS FRANCOS</strong><br>
Aleix Aguilà, Marisol Gil Antillano</h4>
</div>

<div class="col-md-4"><a href="https://zinebi.eus/programacion/transfer/"><img class="alignnone wp-image-10359 size-full lazyload" data-src="https://zinebi.eus/assets/media/foto-Marcos-Urquijo_perfil.jpg"></a>
<h4><strong>TRANSFER</strong><br>
Marcos Urquijo</h4>
</div>

</div>
<img alt="" width="365" height="87" class="alignleft size-full wp-image-12842 lazyload" data-src="https://zinebi.eus/assets/media/LOGOS_peloponissos.png" srcset="https://zinebi.eus/assets/media/LOGOS_peloponissos.png 365w, https://zinebi.eus/assets/media/LOGOS_peloponissos-150x36.png 150w, https://zinebi.eus/assets/media/LOGOS_peloponissos-300x72.png 300w" sizes="(max-width: 365px) 100vw, 365px" />
