 {"id":31562,"date":"2024-10-21T06:53:57","date_gmt":"2024-10-21T06:53:57","guid":{"rendered":"https:\/\/zinebi.eus\/reglamento-zinebi-66\/ventana-quebec\/"},"modified":"2024-10-21T08:20:24","modified_gmt":"2024-10-21T08:20:24","slug":"ventana-quebec","status":"publish","type":"page","link":"https:\/\/zinebi.eus\/eu\/zinebi-66\/ventana-quebec\/","title":{"rendered":"VENTANA QUEBEC"},"content":{"rendered":"<h1>QUEBEC-ERAKO LEIHOA<\/h1>\r\n\r\n<p>Etxepare Euskal Institutuaren eta Quebeceko Bulegoaren elkarlanarekin, ZINEBIk Quebeceko zinema garaikideari buruzko saio berezi bat antolatu du 66. ediziorako. Cin\u00e9ma de la Ville de Qu\u00e9bec (FCVQ) jaialdiaren bitartekaritzari esker, Bilboko Dokumentalen eta Film Laburren Nazioarteko Jaialdian Pedro Ruiz argazkilari eta errealizadore quebectarraren <em>Le huiti\u00e8me \u00e9tage. Jours de r\u00e9volte<\/em> azken dokumentalaren Estatu mailako estreinaldia izango dugu. Kontakizun hibrido bat da (zati dokumentalak eta antzezleek egindako beste batzuk konbinatzen ditu), Front de Lib\u00e9ration du Qu\u00e9bec taldeko kide ohia zen Jacques Lanct\u00f4t independentista quebectarraren bizitzako pasadizoei buruzkoa; 1979an hiru urteko kartzela-zigorra ezarri zioten James Richard Cross diplomatiko britainiarraren bahiketan parte hartzeagatik. Filmaren ardatza Lanct\u00f4t Kuban erbesteratuta egon zen garaia da.<\/p>\r\n\r\nBestalde, 13. edizioko programaziorako, FCVQk gutun zuria eskaini zion ZINEBIri Quebeceko ikusleentzako saio bat prestatzeko, eta honako film labur hauek aurkeztu ziren: <em>Hirugarren koadernoa<\/em> (Lur Olaizola, 2022), <em>Kusikozu<\/em><em> (Aitor Irulegi, 2023), <em>La mujer ilustrada<\/em><\/em> (Isabel Herguera, 2023), <em>Semana 12<\/em> (Isabel Delclaux, 2023) eta <em>Ximinoa<\/em> (Itziar Leemans, 2023).\r\n\r\n<p>Truke hori Etxepare Euskal Institutuak eta Quebeceko Kultura eta Komunikazio Ministerioak bultzatutako Qu\u00e9bec \u2013 Pays Basque programaren esparruan egin da, bi herrialdeetako artista, sortzaile, jaialdi eta kultur eragileen arteko harremanak estutzeko asmoz.<\/p>\r\n\r\n<div class=\"row\">\r\n<div class=\"col-md-12 p-b-50\">\r\n<div class=\"module-title text-center\">\r\n<h3 class=\"sidelines\"><span class=\"blanco\">THE EIGHTH FLOOR<br>\r\nLE HUITI\u00c8ME \u00c9TAGE, JOURS DE R\u00c9VOLTE<\/span><\/h3>\r\n<\/div>\r\n<\/div>\r\n<\/div>\r\n<div class=\"row justify-content-center\">\r\n<div class=\"col-md-7\"><img class=\"alignnone wp-image-10359 size-full lazyload\" alt=\"\" width=\"800\" height=\"530\" data-src=\"https:\/\/zinebi.eus\/assets\/media\/Banner-Octavo-Piso-ESP-Pedro-Ruiz.png\">\r\n<p class=\"text-center\"><a class=\"btn btn-lg btn-circle btn-brand\" href=\"https:\/\/zinebi.eus\/programacion\/the-eighth-floor\/\">INFO +<\/a><\/p>\r\n<\/div>\r\n<\/div>","protected":false},"excerpt":{"rendered":"<p>QUEBEC-ERAKO LEIHOA Etxepare Euskal Institutuaren eta Quebeceko Bulegoaren elkarlanarekin, ZINEBIk Quebeceko zinema garaikideari buruzko saio berezi bat antolatu du 66. ediziorako. Cin\u00e9ma de la Ville de Qu\u00e9bec (FCVQ) jaialdiaren bitartekaritzari esker, Bilboko Dokumentalen eta Film Laburren Nazioarteko Jaialdian Pedro Ruiz argazkilari eta errealizadore quebectarraren Le huiti\u00e8me \u00e9tage. Jours de r\u00e9volte azken dokumentalaren Estatu mailako estreinaldia [&hellip;]<\/p>\n","protected":false},"author":2,"featured_media":30367,"parent":29298,"menu_order":0,"comment_status":"closed","ping_status":"closed","template":"templates\/page-hero-mikeldi.php","meta":{"_acf_changed":false,"footnotes":""},"class_list":["post-31562","page","type-page","status-publish","has-post-thumbnail","hentry"],"acf":[],"_links":{"self":[{"href":"https:\/\/zinebi.eus\/eu\/wp-json\/wp\/v2\/pages\/31562","targetHints":{"allow":["GET"]}}],"collection":[{"href":"https:\/\/zinebi.eus\/eu\/wp-json\/wp\/v2\/pages"}],"about":[{"href":"https:\/\/zinebi.eus\/eu\/wp-json\/wp\/v2\/types\/page"}],"author":[{"embeddable":true,"href":"https:\/\/zinebi.eus\/eu\/wp-json\/wp\/v2\/users\/2"}],"replies":[{"embeddable":true,"href":"https:\/\/zinebi.eus\/eu\/wp-json\/wp\/v2\/comments?post=31562"}],"version-history":[{"count":4,"href":"https:\/\/zinebi.eus\/eu\/wp-json\/wp\/v2\/pages\/31562\/revisions"}],"predecessor-version":[{"id":31613,"href":"https:\/\/zinebi.eus\/eu\/wp-json\/wp\/v2\/pages\/31562\/revisions\/31613"}],"up":[{"embeddable":true,"href":"https:\/\/zinebi.eus\/eu\/wp-json\/wp\/v2\/pages\/29298"}],"wp:featuredmedia":[{"embeddable":true,"href":"https:\/\/zinebi.eus\/eu\/wp-json\/wp\/v2\/media\/30367"}],"wp:attachment":[{"href":"https:\/\/zinebi.eus\/eu\/wp-json\/wp\/v2\/media?parent=31562"}],"curies":[{"name":"wp","href":"https:\/\/api.w.org\/{rel}","templated":true}]}}

<h1>QUEBEC-ERAKO LEIHOA</h1>

<p>Etxepare Euskal Institutuaren eta Quebeceko Bulegoaren elkarlanarekin, ZINEBIk Quebeceko zinema garaikideari buruzko saio berezi bat antolatu du 66. ediziorako. Cinéma de la Ville de Québec (FCVQ) jaialdiaren bitartekaritzari esker, Bilboko Dokumentalen eta Film Laburren Nazioarteko Jaialdian Pedro Ruiz argazkilari eta errealizadore quebectarraren <em>Le huitième étage. Jours de révolte</em> azken dokumentalaren Estatu mailako estreinaldia izango dugu. Kontakizun hibrido bat da (zati dokumentalak eta antzezleek egindako beste batzuk konbinatzen ditu), Front de Libération du Québec taldeko kide ohia zen Jacques Lanctôt independentista quebectarraren bizitzako pasadizoei buruzkoa; 1979an hiru urteko kartzela-zigorra ezarri zioten James Richard Cross diplomatiko britainiarraren bahiketan parte hartzeagatik. Filmaren ardatza Lanctôt Kuban erbesteratuta egon zen garaia da.</p>

Bestalde, 13. edizioko programaziorako, FCVQk gutun zuria eskaini zion ZINEBIri Quebeceko ikusleentzako saio bat prestatzeko, eta honako film labur hauek aurkeztu ziren: <em>Hirugarren koadernoa</em> (Lur Olaizola, 2022), <em>Kusikozu</em><em> (Aitor Irulegi, 2023), <em>La mujer ilustrada</em></em> (Isabel Herguera, 2023), <em>Semana 12</em> (Isabel Delclaux, 2023) eta <em>Ximinoa</em> (Itziar Leemans, 2023).

<p>Truke hori Etxepare Euskal Institutuak eta Quebeceko Kultura eta Komunikazio Ministerioak bultzatutako Québec – Pays Basque programaren esparruan egin da, bi herrialdeetako artista, sortzaile, jaialdi eta kultur eragileen arteko harremanak estutzeko asmoz.</p>

<div class="row">
<div class="col-md-12 p-b-50">
<div class="module-title text-center">
<h3 class="sidelines"><span class="blanco">THE EIGHTH FLOOR<br>
LE HUITIÈME ÉTAGE, JOURS DE RÉVOLTE</span></h3>
</div>
</div>
</div>
<div class="row justify-content-center">
<div class="col-md-7"><img class="alignnone wp-image-10359 size-full lazyload" alt="" width="800" height="530" data-src="https://zinebi.eus/assets/media/Banner-Octavo-Piso-ESP-Pedro-Ruiz.png">
<p class="text-center"><a class="btn btn-lg btn-circle btn-brand" href="https://zinebi.eus/programacion/the-eighth-floor/">INFO +</a></p>
</div>
</div>

<p>QUEBEC-ERAKO LEIHOA Etxepare Euskal Institutuaren eta Quebeceko Bulegoaren elkarlanarekin, ZINEBIk Quebeceko zinema garaikideari buruzko saio berezi bat antolatu du 66. ediziorako. Cinéma de la Ville de Québec (FCVQ) jaialdiaren bitartekaritzari esker, Bilboko Dokumentalen eta Film Laburren Nazioarteko Jaialdian Pedro Ruiz argazkilari eta errealizadore quebectarraren Le huitième étage. Jours de révolte azken dokumentalaren Estatu mailako estreinaldia [&hellip;]</p>
