 {"id":4178,"date":"2021-11-05T09:16:15","date_gmt":"2021-11-05T09:16:15","guid":{"rendered":"https:\/\/zinebi.eus\/exposicion-40-anos-de-la-fuga-de-segovia\/"},"modified":"2021-11-09T16:36:53","modified_gmt":"2021-11-09T16:36:53","slug":"segoviako-ihesa-ren-40-urteko-erakusteka","status":"publish","type":"page","link":"https:\/\/zinebi.eus\/eu\/segoviako-ihesa-ren-40-urteko-erakusteka\/","title":{"rendered":"Exposici\u00f3n Segoviako ihesaren 40 urte. Pelikula bat baino gehiago \/ 40 a\u00f1os de La fuga de Segovia. M\u00e1s que una pel\u00edcula"},"content":{"rendered":"<div class=\"container\">\r\n\t\t\t\t\t\r\n\t\t\t\t\t\t\r\n\t\t\t\t\t\t<div class=\"row justify-content-center\">\r\n\t\t\t\t\t\t\t\r\n\t\t\t\t\t\t\t <div class=\"col-md-3 gallery\">\r\n\t\t\t\t\t\t\t\t\r\n\t\t\t\t\t\t\t\t<figure class=\"gallery-item\">\r\n\t\t\t\t\t\t\t\t\t\t<div class=\"gallery-icon\"><a href=\"https:\/\/zinebi.eus\/assets\/media\/Cartel-expo-Imanol-Uribe.jpg\" title=\"Segoviako ihesa-ren 40 urteko erakusteka\" rel=\"gallery\"><img alt=\"Segoviako ihesa-ren 40 urteko erakusteka\" data-src=\"https:\/\/zinebi.eus\/assets\/media\/Cartel-expo-Imanol-Uribe.jpg\" class=\" lazyload\"><\/a><\/div>\r\n\t\t\t\t\t\t\t\t\t<\/figure>\r\n\t\t\t\t\t\t\t\t<\/div> \r\n\t\t\t\t\t\t\t\r\n\t\t\t\t\t\t\t <div class=\"col-md-6\">\r\n\t\t\t\t\t\t\t\t \r\n\t\t\t\t\t\t\t\t <h3>Exposici\u00f3n Segoviako ihesaren 40 urte. Pelikula bat baino gehiago \/ 40 a\u00f1os de La fuga de Segovia. M\u00e1s que una pel\u00edcula<\/h3>\r\n\t\t\t\t\t\t\t\t\r\n\t\t\t\t\t\t\t\t<h4>Jesus Uriartek Segoviako ihesa-ren (Imanol Uribe, 1981) filmatzearen egunetan egindako argazkiak eta bestelako objektu eta dokumentuak biltzen ditu.<\/h4>\r\n\t\t\t\t\t\t\t\t \r\n\t\t\t\t\t\t\t\t <p>Erakusketa honetan, Jes\u00fas Uriartek Segoviaren Ihesaren filmaketan egin zituen argazkiak biltzen dira, bai eta hainbat objektu eta dokumentu ere, proiektu zinematografiko bat baino gehiago izan zenaren testuinguru errepikaezina hobeto ulertzen laguntzen digutenak. Erakusketa Euskal Produktoreen Elkarteak (EPE-APV) ekoitzi du, Donostia Kulturarekin batera, eta Carlos Ju\u00e1rez Euskal Produktoreen presidenteak eta \u00c1ngel Amigok, filmaren ekoizle eta gidoilarietako bat izandakoak, bultzatu dute. Horretaz gain, Eusko Jaurlaritzaren eta Euskadiko Filmategiaren elkarlana izan du.<\/p>\r\n\t\t\t\t\t\t\t\t \r\n\t\t\t\t\t\t\t\t \r\n\t\t\t\t\t\t\t\t<p> <strong>Mariaren Bihotza plazako aztarnategia<\/strong>.<br>\r\n\t\t\t\t\t\t\t\t  San Frantzisko Kalea, 12<br> 48003 Bilbo, Bizkaia<\/p>\r\n\t\t\t\t\t\t\t\r\n\t\t\t\t\t\t\t\t \r\n\t\t\t\t\t\t  <\/div> \r\n\t\t\t\t\t\t\t\r\n\t\t\t\t\t\t\t<div class=\"col-md-3 horarios-film\">\r\n\t\t\t\t\t\t\t\t\r\n\t\t\t\t\t\t\t\t<p><i class=\"far fa-clock fa-2x mr-3\"><\/i> Azaroaren 12etik 21era.<\/p>\r\n\t\t\t\t\t\t\t\t<p><strong>Ordutegiak:<\/strong><\/p>\r\n\t\t\t\t\t\t\t\t <p><strong>Ostegunetan (11 eta 18) eta ostiraletan (12 y 19):<\/strong><br>16:00etatik 19:00etara<br>\r\n\t\t\t\t\t\t\t\t <strong>Larunbatean (13 eta 20):<\/strong><br> 10:00etatik 13:30etara eta 16:00etatik 19:00etara<br>\r\n\t\t\t\t\t\t\t\t <strong>Igandeetan (14 eta 21):<\/strong><br> 10:00etatik 14:00etara<\/p>\r\n\t\t\t\t\t\t\t\t<p><i class=\"fas fa-map-marker-alt fa-2x mr-3\"><\/i>Mariaren Bihotza plazako aztarnategia<\/p>\r\n\t\t\t\t\t\t\t\t\r\n\t\t\t\t\t\t\t\t\r\n\t\t\t\t\t\t  <\/div>\r\n\t\t\t\t\t\r\n\t\t\t\t\t\t\t\t \r\n\t\t\t\t\t\t\t\t <\/div>\r\n\t\t\t\t\t\t\r\n\t\t\t\t\t\r\n\t\t\t\t\t\t\r\n\t\t\t\t\t\t\r\n\t\t\t\t\r\n\t\t\t\t\t\t<\/div>","protected":false},"excerpt":{"rendered":"<p>Exposici\u00f3n Segoviako ihesaren 40 urte. Pelikula bat baino gehiago \/ 40 a\u00f1os de La fuga de Segovia. M\u00e1s que una pel\u00edcula Jesus Uriartek Segoviako ihesa-ren (Imanol Uribe, 1981) filmatzearen egunetan egindako argazkiak eta bestelako objektu eta dokumentuak biltzen ditu. Erakusketa honetan, Jes\u00fas Uriartek Segoviaren Ihesaren filmaketan egin zituen argazkiak biltzen dira, bai eta hainbat objektu [&hellip;]<\/p>\n","protected":false},"author":3,"featured_media":3966,"parent":0,"menu_order":0,"comment_status":"closed","ping_status":"closed","template":"templates\/page-with-container.php","meta":{"_acf_changed":false,"footnotes":""},"class_list":["post-4178","page","type-page","status-publish","has-post-thumbnail","hentry"],"acf":[],"_links":{"self":[{"href":"https:\/\/zinebi.eus\/eu\/wp-json\/wp\/v2\/pages\/4178","targetHints":{"allow":["GET"]}}],"collection":[{"href":"https:\/\/zinebi.eus\/eu\/wp-json\/wp\/v2\/pages"}],"about":[{"href":"https:\/\/zinebi.eus\/eu\/wp-json\/wp\/v2\/types\/page"}],"author":[{"embeddable":true,"href":"https:\/\/zinebi.eus\/eu\/wp-json\/wp\/v2\/users\/3"}],"replies":[{"embeddable":true,"href":"https:\/\/zinebi.eus\/eu\/wp-json\/wp\/v2\/comments?post=4178"}],"version-history":[{"count":11,"href":"https:\/\/zinebi.eus\/eu\/wp-json\/wp\/v2\/pages\/4178\/revisions"}],"predecessor-version":[{"id":4403,"href":"https:\/\/zinebi.eus\/eu\/wp-json\/wp\/v2\/pages\/4178\/revisions\/4403"}],"wp:featuredmedia":[{"embeddable":true,"href":"https:\/\/zinebi.eus\/eu\/wp-json\/wp\/v2\/media\/3966"}],"wp:attachment":[{"href":"https:\/\/zinebi.eus\/eu\/wp-json\/wp\/v2\/media?parent=4178"}],"curies":[{"name":"wp","href":"https:\/\/api.w.org\/{rel}","templated":true}]}}

Exposición Segoviako ihesaren 40 urte. Pelikula bat baino gehiago / 40 años de La fuga de Segovia. Más que una película

<div class="container">
					
						
						<div class="row justify-content-center">
							
							 <div class="col-md-3 gallery">
								
								<figure class="gallery-item">
										<div class="gallery-icon"><a href="https://zinebi.eus/assets/media/Cartel-expo-Imanol-Uribe.jpg" title="Segoviako ihesa-ren 40 urteko erakusteka" rel="gallery"><img alt="Segoviako ihesa-ren 40 urteko erakusteka" data-src="https://zinebi.eus/assets/media/Cartel-expo-Imanol-Uribe.jpg" class=" lazyload"></a></div>
									</figure>
								</div> 
							
							 <div class="col-md-6">
								 
								 <h3>Exposición Segoviako ihesaren 40 urte. Pelikula bat baino gehiago / 40 años de La fuga de Segovia. Más que una película</h3>
								
								<h4>Jesus Uriartek Segoviako ihesa-ren (Imanol Uribe, 1981) filmatzearen egunetan egindako argazkiak eta bestelako objektu eta dokumentuak biltzen ditu.</h4>
								 
								 <p>Erakusketa honetan, Jesús Uriartek Segoviaren Ihesaren filmaketan egin zituen argazkiak biltzen dira, bai eta hainbat objektu eta dokumentu ere, proiektu zinematografiko bat baino gehiago izan zenaren testuinguru errepikaezina hobeto ulertzen laguntzen digutenak. Erakusketa Euskal Produktoreen Elkarteak (EPE-APV) ekoitzi du, Donostia Kulturarekin batera, eta Carlos Juárez Euskal Produktoreen presidenteak eta Ángel Amigok, filmaren ekoizle eta gidoilarietako bat izandakoak, bultzatu dute. Horretaz gain, Eusko Jaurlaritzaren eta Euskadiko Filmategiaren elkarlana izan du.</p>
								 
								 
								<p> <strong>Mariaren Bihotza plazako aztarnategia</strong>.<br>
								  San Frantzisko Kalea, 12<br> 48003 Bilbo, Bizkaia</p>
							
								 
						  </div> 
							
							<div class="col-md-3 horarios-film">
								
								<p><i class="far fa-clock fa-2x mr-3"></i> Azaroaren 12etik 21era.</p>
								<p><strong>Ordutegiak:</strong></p>
								 <p><strong>Ostegunetan (11 eta 18) eta ostiraletan (12 y 19):</strong><br>16:00etatik 19:00etara<br>
								 <strong>Larunbatean (13 eta 20):</strong><br> 10:00etatik 13:30etara eta 16:00etatik 19:00etara<br>
								 <strong>Igandeetan (14 eta 21):</strong><br> 10:00etatik 14:00etara</p>
								<p><i class="fas fa-map-marker-alt fa-2x mr-3"></i>Mariaren Bihotza plazako aztarnategia</p>
								
								
						  </div>
					
								 
								 </div>
						
					
						
						
				
						</div>

<p>Exposición Segoviako ihesaren 40 urte. Pelikula bat baino gehiago / 40 años de La fuga de Segovia. Más que una película Jesus Uriartek Segoviako ihesa-ren (Imanol Uribe, 1981) filmatzearen egunetan egindako argazkiak eta bestelako objektu eta dokumentuak biltzen ditu. Erakusketa honetan, Jesús Uriartek Segoviaren Ihesaren filmaketan egin zituen argazkiak biltzen dira, bai eta hainbat objektu [&hellip;]</p>
